culate v(a).
12
Let k = 594 + -595. Let r(a) = -7*a**2 - a + 1. Determine r(k).
-5
Let c(v) = -3*v**3 - 3*v**2 - 6*v - 3. Let k = -4 - -9. Let a(j) = -3*j + 4*j**3 - 1 + 4*j + 2*j**3 - j**2 - k*j**3. Let n(z) = -2*a(z) - c(z). What is n(-4)?
5
Let l(m) = -7*m - 24. Let a(w) = 3*w + 12. Let f(u) = 3*u**2 - 35*u - 14. Let b be f(12). Let z(o) = b*l(o) - 5*a(o). Calculate z(-7).
-5
Suppose 2*k - 7 = k. Let r(f) = -5*f - 1212 + f**2 + 608 + 594. Give r(k).
4
Let v(n) = 5*n**2 + 2*n + 3. Let s(w) = -4*w**2 - w - 2. Let y be ((-12)/10)/((-28)/70). Let f(g) = y*s(g) + 2*v(g). What is f(2)?
-6
Let j(i) = i**3 - 13*i**2 + 11*i + 14. Let l(s) = -3*s**2 + 17*s - 12. Let h be l(3). What is j(h)?
2
Let r(q) = -q - 1. Let s = 17 + -12. Suppose s*y - 2 = 2*l - 37, 5*l = -2*y + 15. Determine r(y).
4
Let a(w) = 10*w**2 - 6*w**2 - 48 - 30 - 7*w + 63. Let f(q) = -q**2 + q + 1. Let v(d) = a(d) + 3*f(d). Determine v(6).
0
Let n = 24 + -19. Let k(d) = 4 + d - n + 1 - 4. Suppose -14 = 3*m - 38. What is k(m)?
4
Let z(s) = 1 + 709*s + 713*s - 1411*s. Let a be (3/(-6))/((-3)/6). Give z(a).
12
Suppose 0*f - f + 4*i = 4, 2*f + 3*i = -8. Let a(k) = 6*k + 14. Let v(j) = j**2 - 30*j - 75. Let p(b) = -11*a(b) - 2*v(b). Give p(f).
-12
Let j(b) be the first derivative of b**4/4 - 2*b**3 - 7*b**2/2 - b + 68. What is j(7)?
-1
Let c(j) = -j**2 + 1. Let n(b) = -6*b - 5*b**2 + 5*b + 5 + 8*b + 8. Let a(w) = -4*c(w) + n(w). What is a(7)?
9
Let i(s) = -s - 1. Let y be i(-6). Let u(m) = m - 2. Give u(y).
3
Let b(v) = 2*v - 1. Let c(h) = -h**3 + 3*h**2 - 2*h + 5. Let j(d) = -4*b(d) - c(d). Determine j(5).
19
Suppose q - 4 = -4*f, 5*f = 3*f - 2. Suppose -5*j + q*j = 0. Let o(v) = v**2 + v + 3. Determine o(j).
3
Let s(n) be the second derivative of 2*n**3/3 + 13*n**2/2 + 205*n. Give s(-4).
-3
Let w(c) be the second derivative of -c**5/20 + c**4/4 + c**3/2 - 5*c**2/2 + 4*c. Let b be 12 + -3*(-12)/9. Let s = b + -12. What is w(s)?
-9
Let f(y) = -7*y**3 - 7*y**2 - 2*y - 7. Let q(d) = 8*d**3 + 5*d**2 + 2*d + 5. Let k(g) = -2*f(g) - 3*q(g). Let o = -1 - 0. What is k(o)?
10
Let j be (6/10)/(4*8/(-160)). Let o(k) = k**2 + k + 1. Determine o(j).
7
Suppose 0 = -x + 2*c - 4, -x = 4*x + 4*c - 22. Let j be (-1 - (-6)/4)*4. Let o(v) = 0 - 3*v**2 - x + j*v**2 - 4*v. Determine o(-3).
1
Let t(d) = -d**2 - 6*d - 4. Let b be t(-5). Let v(z) be the third derivative of -2*z**5/15 + z**3/6 - 6*z**2 - 5*z. Determine v(b).
-7
Let s(j) = -j**2 + 1. Let n be s(2). Let u be (0 + (-27)/(-15))/((-15)/(-50)). Let x = u + n. Let w(c) = 2*c**2 - c. Determine w(x).
15
Let j = 19 - 16. Suppose 2*t - c + 4 = j*c, 4*t + 3*c - 14 = 0. Suppose -7*b + t*b = 10. Let v(s) = -s**3 - 2*s**2 + 3*s + 3. Give v(b).
-3
Let x(a) = 4*a**2 - 7*a + 15. Let f(g) = g**2 + g + 2. Let w(b) = 3*f(b) - x(b). Calculate w(8).
7
Let x(i) = 6*i**2. Let b be x(1). Let w(p) be the third derivative of 0 + 7/24*p**4 + 7*p**2 - 7/6*p**3 + 0*p - 1/60*p**5. Determine w(b).
-1
Let d(t) = 2*t**2 - 18*t + 29. Let m be d(5). Let n(j) = -j**3 - 10*j**2 + 12*j + 12. What is n(m)?
1
Let p(z) = -2 + 5 - 3 + 6*z. Suppose -9*q - 8 = -5*q. Let v be 1 + -2 + q + 2. Calculate p(v).
-6
Let z(i) = 2 + 0 + 0*i + 5*i - 3*i + 10. Calculate z(-5).
2
Let a(q) = -5*q**3 - 2*q**2 + 10*q - 2. Suppose 3*u - 5 = -2. Let w(c) = -c**3 + c**2 + c + 1. Let r(h) = u*a(h) - 4*w(h). Give r(-7).
1
Let o be (6/4)/((-3)/(-4)). Let z(x) be the second derivative of -x**3/6 + x**2 - 64*x. Let u(k) = -1. Let l(m) = o*z(m) + 3*u(m). Determine l(-1).
3
Suppose -3*x - 4*x = -28. Let c(d) be the second derivative of 4*d - 1/2*d**3 + 0 - 1/20*d**5 - 3/2*d**2 - 1/12*d**x. Calculate c(-2).
7
Let r(q) = -4*q - 4*q - 3 - q + 11*q. Let y be r(3). Let n(u) = -u**3 + 5*u**2 - 3*u. Calculate n(y).
9
Suppose -300 + 45 = -3*g. Let c = 89 - g. Let r(f) = f**2 - 7*f + 1. What is r(c)?
-11
Suppose -5*x - 15 = 10. Let a be 7*((x - -3) + 3). Let t(o) = o**2 - 8*o + 2. Give t(a).
-5
Suppose -8*h + 2*h = -24. Suppose s = -h*o + 13, -5*o + 3 = 3*s - 8. Let y(m) = m**3 + 3*m**2 - m + 2. Calculate y(s).
5
Suppose 0*m - m - 5*k + 10 = 0, 3*k - 6 = -5*m. Let n(v) be the first derivative of v**4/4 + v**3/3 + 16*v - 47. Calculate n(m).
16
Let o(a) = a**2 + 25*a + 129. Let h be o(-18). Let b(i) be the third derivative of 0 + 5/6*i**h - 1/12*i**4 + 0*i + i**2. Calculate b(4).
-3
Let u(j) = 10*j**2 + 2*j + 3. Suppose b - 5 = y + 2*b, 0 = 4*b + 16. Give u(y).
11
Suppose 2*h + 2 = -4*o, 17 = -o - 4*h - 1. Let j(g) = 5*g**2 + o*g**2 + g - 6*g**2 + 1. What is j(-1)?
1
Let t(o) = -o**3 + 0*o**3 + 7*o**2 - 5*o + 0*o. Let y(s) = -9*s**3 - 2*s**2 - 6*s - 7. Let f be y(-1). Calculate t(f).
6
Let y(c) be the third derivative of c**6/120 - c**5/20 - c**4/12 - 2*c**3/3 - 14*c**2. Let m = -17 + 11. Let o = m - -10. What is y(o)?
4
Let w(c) = -c**3 - 2*c**2 + 10*c + 4. Let h be w(-4). Let k(j) be the first derivative of 2*j**3/3 + 5*j**2/2 - 3*j - 17. Calculate k(h).
9
Let s(k) = k + 29 - 10 - 10 - 17. Determine s(-17).
-25
Suppose 18 = -u + 4*x + x, 5*x = -3*u + 26. Let f(o) = 1 - u - 2*o - 1. Give f(-5).
8
Let n be ((-40)/6)/4*114/(-95). Let t(k) = 20*k - 7. Let a(c) = 6*c - 2. Let f(g) = n*t(g) - 7*a(g). Calculate f(-3).
6
Suppose 0 = 3*b - 12*b - 9. Let x(a) = -17*a. Let y(d) = 34*d. Let l(o) = 5*x(o) + 2*y(o). What is l(b)?
17
Let d(r) = -9*r + 3. Let g(w) = w**2 + 14*w - 5. Let h be g(-14). Let o(k) = -14*k + 4. Let c(s) = h*o(s) + 8*d(s). Determine c(-3).
10
Let w(v) be the first derivative of -v**4/12 - v**3 - 3*v**2 + 7*v + 9. Let h(i) be the first derivative of w(i). Calculate h(-6).
-6
Let n(t) = -t**2 - 3*t - 5. Let f = -598 + 595. Give n(f).
-5
Let w(f) = f**2 - 34*f + 4. Let d(s) = -5*s. Let u(j) = 10*d(j) - 2*w(j). What is u(9)?
-8
Let t(l) = -l**2 - l + 11. Let f(x) = x**2 - 17*x - 110. Let z be f(22). Determine t(z).
11
Let t(k) = k**2 + 4*k - 6. Let w(a) = a**2 - 3 + 1 + 0 - a. Let o be w(3). Suppose -6*m = -2*m + o*s + 4, 0 = -3*s + 15. Calculate t(m).
6
Let k(h) = h**2 + 7*h - 9. Let g = 13 - 21. Let r be k(g). Let b be (r - 0) + (5 - 1). Let x(l) = 3*l - 3. Give x(b).
6
Let q(j) be the third derivative of j**6/120 + j**5/60 + j**4/6 - 2*j**3/3 - 136*j**2. Calculate q(2).
16
Let j(r) = -10*r**3 + 4*r**2 - 31*r + 10. Let a(b) = 3*b**3 - b**2 + 9*b - 3. Let x(s) = 7*a(s) + 2*j(s). Calculate x(-1).
-2
Let v(s) = s**3 + 7*s**2 + s - 7. Let o be (-12)/(12/13) - (-5 + -1). Give v(o).
-14
Let s(x) = x**2 + 4*x. Let f be 1407/(-273) + (-2)/(-13). What is s(f)?
5
Let s(c) = 2*c**2 + 3*c - 1. Let n(j) = -3*j**2 - 3*j + 2. Let l(q) = 3*n(q) + 2*s(q). Let z be l(1). Let r(o) = -o**3 - 4*o**2 - 2. Give r(z).
-2
Let t(g) = g**2 - 6 - 2*g + 0*g**2 + 4*g - 4*g. Let s(l) = -l - 1. Let z(m) = 4*s(m) - t(m). What is z(-2)?
2
Let c(j) = j**3 + 7*j**2 + 5*j - 3. Let o be (15/10)/((54/(-20))/9). Determine c(o).
22
Let c(s) = 73*s + 2549. Let k be c(-35). Let n(g) be the third derivative of 0*g + 1/120*g**6 + 0 + 5/12*g**4 + 2/15*g**5 + 4/3*g**3 + g**2. Give n(k).
20
Let x(g) be the second derivative of -g**6/180 - g**5/20 + 7*g**4/24 + 3*g**3/2 - 9*g. Let i(m) be the second derivative of x(m). Give i(-5).
-13
Let y(a) be the first derivative of 5*a**3/3 - a**2/2 - a + 24. Let o be y(-1). Let j(m) = m - 12. What is j(o)?
-7
Let r be -37*(-8)/(-48) - (-3)/18. Let z(h) = -h**3 - 7*h**2 - 6*h - 7. Determine z(r).
-7
Let j(p) = p**3 + 11*p**2 + 7*p - 3. Let m(o) = -o**3 - 12*o**2 - 6*o + 5. Let b(l) = -3*j(l) - 2*m(l). Determine b(-8).
7
Let p(j) be the first derivative of j**4/12 - 4*j**3/3 + 7*j**2/2 + j - 5. Let v(f) be the first derivative of p(f). Suppose 0*y = -y + 6. What is v(y)?
-5
Let o(r) be the third derivative of 13*r**6/120 - r**4/12 - r**3/6 + r**2 - 59. Determine o(-1).
-12
Let i(h) = -59*h + 23*h + 32*h - 5. Suppose -z = -4*z - 15. What is i(z)?
15
Let o be 20/6*(-8 + 5). Let n be (7*1/(-2))/((-5)/o). Let t(z) = -4 + z**2 + 3*z - 2 + 3*z. Give t(n).
1
Let t(x) = 4*x + 2. Let z be t(-2). Let s(h) be the first derivative of -h**4/4 - 2*h**3 - h**2/2 - 2*h - 2. Determine s(z).
4
Suppose 10*g - 5*g = 0. Suppose -3*z + 4 = -3*y - 23, g = 5*y - 2*z + 42. Let v(n) = -1 + 0*n - n - 1. Determine v(y).
6
Let u(t) = -5*t. Suppose i - 24 = -2*w - 7, 24 = 3*w + i. Suppose 1 + w = -8*m. Determine u(m).
5
Let z(r) be the first derivative